{"id":149,"date":"2017-01-13T17:19:15","date_gmt":"2017-01-13T16:19:15","guid":{"rendered":"http:\/\/www.leaharp.com\/?page_id=149"},"modified":"2024-09-15T16:01:14","modified_gmt":"2024-09-15T15:01:14","slug":"ma-pratique","status":"publish","type":"page","link":"https:\/\/www.leaharp.com\/?page_id=149","title":{"rendered":"Ma pratique"},"content":{"rendered":"\n<p class=\"has-medium-font-size\">C\u2019est au Japon que j\u2019ai d\u00e9couvert le shiatsu, en travaillant \u00e0 l\u2019\u00e9cole Kur\u00e9tak\u00e9 de Tokyo avec Masanori OKAMOTO (2012).<\/p>\n\n\n\n<p class=\"has-medium-font-size\">En France, j\u2019ai \u00e9largi mes connaissances avec Fran\u00e7oise BINTZ-BERTRAND (\u00e9cole de Shiatsu Yin), Isabelle LAADING (\u00e9cole Nonindo) et Guy VAN HUYEN (Kenko-Shiatsu) (2013-2018)<\/p>\n\n\n\n<p class=\"has-medium-font-size\">J\u2019ai profit\u00e9 d\u2019un voyage avec Ajit et Selvi SARKAR \u00e0 Pondich\u00e9ry (Inde) pour d\u00e9couvrir le massage ayurv\u00e9dique (2015).<\/p>\n\n\n\n<p class=\"has-medium-font-size\">Ces personnes m\u2019ont transmis g\u00e9n\u00e9reusement leur savoir-faire dans le respect d\u2019une \u00e9thique exigeante. En m\u2019inspirant des enseignements de cet art ancestral, j\u2019ai d\u00e9velopp\u00e9 ma propre pratique, pratique sp\u00e9cifique o\u00f9 l\u2019art du toucher s\u2019adapte \u00e0 chacun, dans un lien personnalis\u00e9.<\/p>\n\n\n\n<p class=\"has-text-align-left has-medium-font-size\">Penser et comprendre l\u2019humain dans sa globalit\u00e9 m\u2019a amen\u00e9e \u00e0 poursuivre mon cheminement th\u00e9rapeutique en ne cessant de prolonger et renouveler ma formation.<\/p>\n\n\n\n<div style=\"height:50px\" aria-hidden=\"true\" class=\"wp-block-spacer\"><\/div>\n\n\n\n<div class=\"wp-block-columns is-layout-flex wp-container-core-columns-is-layout-9d6595d7 wp-block-columns-is-layout-flex\">\n<div class=\"wp-block-column is-layout-flow wp-block-column-is-layout-flow\" style=\"flex-basis:100%\">\n<div class=\"wp-block-columns is-layout-flex wp-container-core-columns-is-layout-9d6595d7 wp-block-columns-is-layout-flex\">\n<div class=\"wp-block-column is-layout-flow wp-block-column-is-layout-flow\"><\/div>\n\n\n\n<div class=\"wp-block-column is-layout-flow wp-block-column-is-layout-flow\"><\/div>\n\n\n\n<div class=\"wp-block-column is-layout-flow wp-block-column-is-layout-flow\"><\/div>\n<\/div>\n<\/div>\n<\/div>\n\n\n<div class=\"wp-block-image\">\n<figure class=\"alignright size-large is-resized\"><img loading=\"lazy\" decoding=\"async\" width=\"1024\" height=\"1024\" src=\"https:\/\/www.leaharp.com\/wp-content\/uploads\/2024\/01\/certificat-shiatsi-japon-edited-1024x1024.jpg\" alt=\"\" class=\"wp-image-705\" style=\"width:370px;height:auto\" srcset=\"https:\/\/www.leaharp.com\/wp-content\/uploads\/2024\/01\/certificat-shiatsi-japon-edited-1024x1024.jpg 1024w, https:\/\/www.leaharp.com\/wp-content\/uploads\/2024\/01\/certificat-shiatsi-japon-edited-300x300.jpg 300w, https:\/\/www.leaharp.com\/wp-content\/uploads\/2024\/01\/certificat-shiatsi-japon-edited-150x150.jpg 150w, https:\/\/www.leaharp.com\/wp-content\/uploads\/2024\/01\/certificat-shiatsi-japon-edited-768x768.jpg 768w, https:\/\/www.leaharp.com\/wp-content\/uploads\/2024\/01\/certificat-shiatsi-japon-edited-700x700.jpg 700w, https:\/\/www.leaharp.com\/wp-content\/uploads\/2024\/01\/certificat-shiatsi-japon-edited-1080x1080.jpg 1080w, https:\/\/www.leaharp.com\/wp-content\/uploads\/2024\/01\/certificat-shiatsi-japon-edited.jpg 1296w\" sizes=\"auto, (max-width: 1024px) 100vw, 1024px\" \/><\/figure>\n<\/div>\n\n\n<p style=\"font-size:16px\"><strong><span style=\"text-decoration: underline;\">2022 \u2013 2023<\/span><\/strong><\/p>\n\n\n\n<p style=\"font-size:16px\"><strong> Formation en sophiath\u00e9rapie (Philosophie \/ Psychologie \/ Spiritualit\u00e9)<\/strong><\/p>\n\n\n\n<p style=\"font-size:16px\"><strong>Sous la direction d\u2019Aubert ALLAL, psychologue (Paris)<\/strong><\/p>\n\n\n\n<p style=\"font-size:16px\"><strong><span style=\"text-decoration: underline;\">2020-2022&nbsp; <\/span><\/strong><\/p>\n\n\n\n<p style=\"font-size:16px\"><strong>Th\u00e9rapie psycho-corporelle avec Philippe WYCKMANS (Bruxelles) <\/strong><\/p>\n\n\n\n<p style=\"font-size:16px\"><strong>&nbsp;<\/strong><strong>Techniques \u00e9nerg\u00e9tique<\/strong><strong>s<\/strong><strong> avec Sylvain MIRA (Pujaudran) <\/strong><\/p>\n\n\n<div class=\"wp-block-image\">\n<figure class=\"alignright size-large is-resized\"><img loading=\"lazy\" decoding=\"async\" width=\"1024\" height=\"745\" src=\"https:\/\/www.leaharp.com\/wp-content\/uploads\/2022\/11\/Site-Liloco-1-2-1024x745.jpg\" alt=\"\" class=\"wp-image-600\" style=\"width:415px;height:auto\" srcset=\"https:\/\/www.leaharp.com\/wp-content\/uploads\/2022\/11\/Site-Liloco-1-2-1024x745.jpg 1024w, https:\/\/www.leaharp.com\/wp-content\/uploads\/2022\/11\/Site-Liloco-1-2-300x218.jpg 300w, https:\/\/www.leaharp.com\/wp-content\/uploads\/2022\/11\/Site-Liloco-1-2-768x558.jpg 768w, https:\/\/www.leaharp.com\/wp-content\/uploads\/2022\/11\/Site-Liloco-1-2-1080x785.jpg 1080w, https:\/\/www.leaharp.com\/wp-content\/uploads\/2022\/11\/Site-Liloco-1-2.jpg 1169w\" sizes=\"auto, (max-width: 1024px) 100vw, 1024px\" \/><\/figure>\n<\/div>\n\n\n<p style=\"font-size:16px\"><strong>L<\/strong><strong>es points cl\u00e9s en canc\u00e9rologie AFSOS<\/strong><\/p>\n\n\n\n<p style=\"font-size:16px\"><span style=\"text-decoration: underline;\"><strong>2019 \u2013 2020<\/strong>&nbsp; <\/span><\/p>\n\n\n\n<p style=\"font-size:16px\"><strong>L\u2019\u00e9nergie, l\u2019\u00e9motion, la pens\u00e9e au bout des doigts <\/strong><\/p>\n\n\n\n<p style=\"font-size:16px\"><strong>Alain CASSOURA m\u00e9decin et ost\u00e9opathe<\/strong><\/p>\n","protected":false},"excerpt":{"rendered":"<p>C\u2019est au Japon que j\u2019ai d\u00e9couvert le shiatsu, en travaillant \u00e0 l\u2019\u00e9cole Kur\u00e9tak\u00e9 de Tokyo avec Masanori OKAMOTO (2012). En France, j\u2019ai \u00e9largi mes connaissances avec Fran\u00e7oise BINTZ-BERTRAND (\u00e9cole de Shiatsu Yin), Isabelle LAADING (\u00e9cole Nonindo) et Guy VAN HUYEN (Kenko-Shiatsu) (2013-2018) J\u2019ai profit\u00e9 d\u2019un voyage avec Ajit et Selvi SARKAR \u00e0 Pondich\u00e9ry (Inde) pour d\u00e9couvrir le massage ayurv\u00e9dique (2015). Ces personnes m\u2019ont transmis g\u00e9n\u00e9reusement leur savoir-faire dans le respect d\u2019une \u00e9thique exigeante. En m\u2019inspirant [&hellip;]<\/p>\n","protected":false},"author":1,"featured_media":0,"parent":0,"menu_order":0,"comment_status":"closed","ping_status":"closed","template":"templates\/page_fullwidth.php","meta":{"footnotes":""},"class_list":["post-149","page","type-page","status-publish","hentry"],"_links":{"self":[{"href":"https:\/\/www.leaharp.com\/index.php?rest_route=\/wp\/v2\/pages\/149","targetHints":{"allow":["GET"]}}],"collection":[{"href":"https:\/\/www.leaharp.com\/index.php?rest_route=\/wp\/v2\/pages"}],"about":[{"href":"https:\/\/www.leaharp.com\/index.php?rest_route=\/wp\/v2\/types\/page"}],"author":[{"embeddable":true,"href":"https:\/\/www.leaharp.com\/index.php?rest_route=\/wp\/v2\/users\/1"}],"replies":[{"embeddable":true,"href":"https:\/\/www.leaharp.com\/index.php?rest_route=%2Fwp%2Fv2%2Fcomments&post=149"}],"version-history":[{"count":74,"href":"https:\/\/www.leaharp.com\/index.php?rest_route=\/wp\/v2\/pages\/149\/revisions"}],"predecessor-version":[{"id":778,"href":"https:\/\/www.leaharp.com\/index.php?rest_route=\/wp\/v2\/pages\/149\/revisions\/778"}],"wp:attachment":[{"href":"https:\/\/www.leaharp.com\/index.php?rest_route=%2Fwp%2Fv2%2Fmedia&parent=149"}],"curies":[{"name":"wp","href":"https:\/\/api.w.org\/{rel}","templated":true}]}}